 the ten thousands digit of 1373457?
7
What is the hundreds digit of 315041?
0
What is the thousands digit of 2528729?
8
What is the millions digit of 5879167?
5
What is the tens digit of 164404?
0
What is the ten thousands digit of 93837?
9
What is the hundred thousands digit of 690086?
6
What is the ten millions digit of 14947880?
1
What is the tens digit of 5482373?
7
What is the tens digit of 144369?
6
What is the hundreds digit of 12914800?
8
What is the ten thousands digit of 48182?
4
What is the tens digit of 88014?
1
What is the tens digit of 1700301?
0
What is the thousands digit of 402964?
2
What is the tens digit of 9033386?
8
What is the ten thousands digit of 167860?
6
What is the millions digit of 8316868?
8
What is the thousands digit of 502746?
2
What is the thousands digit of 1368882?
8
What is the ten thousands digit of 3687324?
8
What is the units digit of 41290?
0
What is the ten thousands digit of 10465087?
6
What is the hundreds digit of 1596105?
1
What is the thousands digit of 31998?
1
What is the hundreds digit of 329878?
8
What is the ten thousands digit of 1167893?
6
What is the tens digit of 2896690?
9
What is the hundred thousands digit of 5454243?
4
What is the ten thousands digit of 1489387?
8
What is the millions digit of 19664839?
9
What is the units digit of 550702?
2
What is the thousands digit of 190290?
0
What is the hundreds digit of 216350?
3
What is the units digit of 221217?
7
What is the hundreds digit of 360948?
9
What is the hundreds digit of 185508?
5
What is the tens digit of 3480206?
0
What is the millions digit of 2496419?
2
What is the hundreds digit of 144712?
7
What is the ten thousands digit of 667559?
6
What is the hundreds digit of 234491?
4
What is the hundred thousands digit of 16078920?
0
What is the hundreds digit of 270777?
7
What is the ten thousands digit of 440672?
4
What is the tens digit of 305415?
1
What is the hundred thousands digit of 169022?
1
What is the hundred thousands digit of 342895?
3
What is the ten thousands digit of 723004?
2
What is the millions digit of 11701230?
1
What is the hundred thousands digit of 3343273?
3
What is the thousands digit of 32660?
2
What is the tens digit of 404599?
9
What is the ten thousands digit of 100605?
0
What is the hundred thousands digit of 748344?
7
What is the millions digit of 1437633?
1
What is the tens digit of 24470114?
1
What is the thousands digit of 17715?
7
What is the thousands digit of 36906123?
6
What is the tens digit of 66951?
5
What is the ten thousands digit of 424456?
2
What is the hundred thousands digit of 4361435?
3
What is the tens digit of 7905304?
0
What is the units digit of 27880857?
7
What is the units digit of 175798?
8
What is the hundred thousands digit of 7574799?
5
What is the ten millions digit of 24124494?
2
What is the units digit of 111397?
7
What is the thousands digit of 290501?
0
What is the ten thousands digit of 6177261?
7
What is the ten millions digit of 12788945?
1
What is the hundred thousands digit of 2054115?
0
What is the hundred thousands digit of 439800?
4
What is the ten thousands digit of 1129998?
2
What is the units digit of 2029415?
5
What is the ten thousands digit of 1158507?
5
What is the tens digit of 721716?
1
What is the ten thousands digit of 1519800?
1
What is the tens digit of 265145?
4
What is the units digit of 21538710?
0
What is the units digit of 96413?
3
What is the units digit of 197188?
8
What is the units digit of 1790492?
2
What is the tens digit of 638726?
2
What is the thousands digit of 1211370?
1
What is the tens digit of 200660?
6
What is the thousands digit of 142100?
2
What is the ten thousands digit of 66444?
6
What is the tens digit of 552113?
1
What is the tens digit of 20485538?
3
What is the tens digit of 204350?
5
What is the units digit of 561430?
0
What is the ten thousands digit of 244946?
4
What is the hundreds digit of 3768915?
9
What is the ten thousands digit of 4865938?
6
What is the tens digit of 40568321?
2
What is the hundreds digit of 146982?
9
What is the hundreds digit of 139373?
3
What is the thousands digit of 377255?
7
What is the hundred thousands digit of 526424?
5
What is the hundred thousands digit of 329028?
3
What is the tens digit of 146428?
2
What is the millions digit of 9563496?
9
What is the millions digit of 1409854?
1
What is the ten thousands digit of 3678511?
7
What is the units digit of 2403836?
6
What is the thousands digit of 65771?
5
What is the ten thousands digit of 16124401?
2
What is the tens digit of 1748117?
1
What is the thousands digit of 226274?
6
What is the millions digit of 1184273?
1
What is the hundreds digit of 70819?
8
What is the hundred thousands digit of 126750?
1
What is the hundreds digit of 6060029?
0
What is the hundred thousands digit of 144627?
1
What is the ten thousands digit of 4313650?
1
What is the ten thousands digit of 2322466?
2
What is the thousands digit of 50237?
0
What is the hundred thousands digit of 611367?
6
What is the units digit of 106253?
3
What is the tens digit of 14312846?
4
What is the hundred thousands digit of 6373391?
3
What is the ten thousands digit of 1194510?
9
What is the tens digit of 7384671?
7
What is the hundred thousands digit of 6373930?
3
What is the tens digit of 2538544?
4
What is the hundred thousands digit of 1314277?
3
What is the tens digit of 743141?
4
What is the ten thousands digit of 4775044?
7
What is the hundreds digit of 586857?
8
What is the tens digit of 2739212?
1
What is the hundred thousands digit of 579473?
5
What is the hundred thousands digit of 8689202?
6
What is the thousands digit of 29574?
9
What is the hundreds digit of 7643609?
6
What is the units digit of 19619667?
7
What is the hundreds digit of 2735625?
6
What is the hundred thousands digit of 2266780?
2
What is the hundreds digit of 321482?
4
What is the ten thousands digit of 243343?
4
What is the hundred thousands digit of 2108804?
1
What is the thousands digit of 221342?
1
What is the tens digit of 25116251?
5
What is the tens digit of 24436845?
4
What is the hundreds digit of 377956?
9
What is the hundred thousands digit of 5918879?
9
What is the tens digit of 32227540?
4
What is the millions digit of 4338380?
4
What is the tens digit of 2515035?
3
What is the hundred thousands digit of 3744921?
7
What is the units digit of 620832?
2
What is the tens digit of 6397432?
3
What is the units digit of 123922?
2
What is the units digit of 7709637?
7
What is the hundred thousands digit of 1080597?
0
What is the millions digit of 10949749?
0
What is the hundred thousands digit of 1109393?
1
What is the ten thousands digit of 396935?
9
What is the ten thousands digit of 352957?
5
What is the hundred thousands digit of 5387104?
3
What is the ten thousands digit of 955245?
5
What is the ten thousands digit of 67472?
6
What is the millions digit of 1445026?
1
What is the hundreds digit of 57255?
2
What is the units digit of 710050?
0
What is the units digit of 159964?
4
What is the thousands digit of 230838?
0
What is the tens digit of 135841?
4
What is the ten thousands digit of 183747?
8
What is the ten thousands digit of 1146872?
4
What is the ten thousands digit of 40355190?
5
What is the thousands digit of 24124756?
4
What is the ten thousands digit of 4444887?
4
What is the hundreds digit of 3984610?
6
What is the tens digit of 13845649?
4
What is the units digit of 189965?
5
What is the hundreds digit of 840939?
9
What is the hundreds digit of 3245883?
8
What is the units digit of 307884?
4
What is the hundreds digit of 662131?
1
What is the ten thousands digit of 186294?
8
What is the tens digit of 302589?
8
What is the hundred thousands digit of 105492?
1
What is the tens digit of 636895?
9
What is the hundreds digit of 255259?
2
What is the ten millions digit of 32263300?
3
What is the units digit of 18846459?
9
What is the hundreds digit of 265034?
0
What is the tens digit of 3530020?
2
What is the thousands digit of 1025652?
5
What is the units digit of 464263?
3
What is the tens digit of 7820722?
2
What is the units digit of 1004871?
1
What is the thousands digit of 1671432?
1
What is the units digit of 40008?
8
What is the tens digit of 2707440?
4
What is the 